e6 + 0?
ba7cd1e6
In base 15, what is 533c0 - -d6?
534a6
In base 6, what is -1042020511 - -3?
-1042020504
In base 7, what is 1612154550 + 1?
1612154551
In base 2, what is 101111011100111101111 - 11?
101111011100111101100
In base 3, what is 11 + 10001112100221220?
10001112100222001
In base 10, what is -25442268 - 5?
-25442273
In base 12, what is -1 + -2720965?
-2720966
In base 10, what is -3042 + -560?
-3602
In base 13, what is 2 + 53ab636?
53ab638
In base 8, what is 13 + 3734463?
3734476
In base 3, what is 112 + 1010222001200?
1010222002012
In base 3, what is 11 - -2200202200100?
2200202200111
In base 2, what is -1011111011101100010 + 1010110?
-1011111011100001100
In base 14, what is -75b45a8 - 1?
-75b45a9
In base 9, what is -11 - -68330450?
68330438
In base 5, what is 1240 + 124321301?
124323041
In base 12, what is 8aa - -9756?
a444
In base 16, what is 3 - -21e2a7?
21e2aa
In base 8, what is -463103 - 134?
-463237
In base 15, what is -13 - -37e1a?
37e07
In base 3, what is 1121012211 + -22211?
1120220000
In base 9, what is 7106670125 + 2?
7106670127
In base 16, what is 10bb62 - 40?
10bb22
In base 4, what is 10011233301 + 1223?
10011301130
In base 5, what is 2442032 - 2321?
2434211
In base 2, what is 101 + 110000101011000?
110000101011101
In base 11, what is 891a - -4683?
124a2
In base 8, what is 1157360 + -41?
1157317
In base 16, what is -ef + a0c9c?
a0bad
In base 5, what is 3121142131 - 3?
3121142123
In base 12, what is a + a29766?
a29774
In base 8, what is -735245203 - -4?
-735245177
In base 10, what is 3313 - 5585?
-2272
In base 6, what is -2051022 - 221?
-2051243
In base 3, what is 1102111 - 11110121221?
-11102012110
In base 6, what is 1 - -512112312?
512112313
In base 11, what is 440a4 + -38?
44067
In base 7, what is -5 + -125345030?
-125345035
In base 7, what is -3 + -365230005?
-365230011
In base 16, what is edf + 7ff8?
8ed7
In base 15, what is d64d09d + -2?
d64d09b
In base 4, what is -3331223021222 - 11?
-3331223021233
In base 13, what is 3199 + -c4c?
224a
In base 6, what is 142405220 - 3?
142405213
In base 2, what is 11101000010 + -1000000000001?
-100010111111
In base 3, what is -202001010 + -100010?
-202101020
In base 14, what is -1 - 2b52d35?
-2b52d36
In base 12, what is -912 + -2505?
-3217
In base 8, what is 4145263 + 74?
4145357
In base 12, what is 1 - 18a1bbb?
-18a1bba
In base 5, what is -11431342012 + 10?
-11431342002
In base 14, what is 9ad30 + 2?
9ad32
In base 12, what is 2b71844b + 1?
2b718450
In base 10, what is -81757543 - -5?
-81757538
In base 14, what is 2 + 18d42a09?
18d42a0b
In base 2, what is -1001001000 + -10000101001?
-11001110001
In base 7, what is 13534105 - 300?
13533505
In base 15, what is -4 - 1d0da60?
-1d0da64
In base 9, what is 684 + 102575?
103370
In base 4, what is -21200211 - 122133?
-21323010
In base 3, what is 1 - 11212101001211?
-11212101001210
In base 5, what is -1 + -410201344?
-410201400
In base 3, what is -212221201121101 + -12?
-212221201121120
In base 10, what is -59 + -20729?
-20788
In base 10, what is -46712476 - -6?
-46712470
In base 11, what is -1899aa397 + -3?
-1899aa39a
In base 4, what is 221312101010 - 102?
221312100302
In base 12, what is 20883a - -963?
2095a1
In base 3, what is 1101110121121200 - -1?
1101110121121201
In base 2, what is 100011111101101 - -1010?
100011111110111
In base 9, what is -250300 + -1426?
-251726
In base 14, what is -1918 + ca1?
-a57
In base 10, what is 0 + -2473747?
-2473747
In base 11, what is 344a + 8188?
10627
In base 12, what is 21838 - -10a0?
22918
In base 9, what is 28336155 - -34?
28336200
In base 13, what is 3079768a - -5?
30797692
In base 6, what is 2210452 + 2?
2210454
In base 11, what is 2286 + -1744?
642
In base 11, what is -2a8 + -1214522?
-121481a
In base 15, what is -873e3 + 7c?
-87366
In base 13, what is -b0924 - 11?
-b0935
In base 16, what is -5da2d - 3e?
-5da6b
In base 5, what is -422203000 + -2414?
-422210414
In base 16, what is 6d6b7 - -40?
6d6f7
In base 4, what is 1102 - -112110212313?
112110220021
In base 13, what is -44458608 - 0?
-44458608
In base 8, what is 63 + 560565?
560650
In base 16, what is 2 - 10d4f4b?
-10d4f49
In base 12, what is a89b79a - -4?
a89b7a2
In base 8, what is 113047415 - 10?
113047405
In base 10, what is 106429 + 6616?
113045
In base 6, what is 402450 - 1050?
401400
In base 12, what is -4 - 9450a9?
-9450b1
In base 9, what is 322 + 623562?
623884
In base 12, what is -2 - 7088aa32?
-7088aa34
In base 15, what is -c - 776661?
-77666d
In base 8, what is -1 + 113620165?
113620164
In base 14, what is -3 - -19958d3?
19958d0
In base 6, what is -404313 + 1025?
-403244
In base 6, what is 2 - -3414225?
3414231
In base 10, what is -15209131 + 15?
-15209116
In base 14, what is -2a2 - -8ca7?
8a05
In base 16, what is 3d7f8f + -5?
3d7f8a
In base 8, what is -7 - -340432?
340423
In base 8, what is -16724 + -17720?
-36644
In base 15, what is c53613b - -3?
c53613e
In base 2, what is -110100001111000010 - -111000?
-110100001110001010
In base 11, what is 5970330a + 5?
59703314
In base 10, what is -34 + 1307477?
1307443
In base 13, what is -81447 + -14?
-8145b
In base 5, what is -241431242 + 10?
-241431232
In base 11, what is -934 + 32322?
31499
In base 12, what is 18 - 1923a8?
-192390
In base 12, what is 96b4 + 65?
9759
In base 8, what is -342 - 17231731?
-17232273
In base 5, what is 4442 - 30110101?
-30100104
In base 11, what is -8a5 + 115041?
114247
In base 13, what is 4 - 1116abc?
-1116ab8
In base 16, what is -20a + 440e?
4204
In base 5, what is -22430 + 102310?
24330
In base 9, what is 181773 + -146?
181626
In base 13, what is 1 + -128c723?
-128c722
In base 10, what is -1863451 + 9?
-1863442
In base 5, what is -1 - 33114123?
-33114124
In base 14, what is 2 - -38b1c?
38b20
In base 16, what is 12 + -dd317?
-dd305
In base 5, what is 4113 - 201441104?
-201431441
In base 16, what is -42f + -6deeb?
-6e31a
In base 8, what is -17674415357 + 5?
-17674415352
In base 16, what is dac + -40e5f?
-400b3
In base 4, what is 13 - -3020011111133?
3020011111212
In base 8, what is 5627 + -11504?
-3655
In base 15, what is 2 - -31bdde9?
31bddeb
In base 9, what is 36 + -17521683?
-17521646
In base 11, what is 24695a557 - 0?
24695a557
In base 11, what is -3 + 35761aa?
35761a7
In base 15, what is 1 + 1c7e47?
1c7e48
In base 11, what is -42 + -8353?
-8395
In base 10, what is 1339 - -7963?
9302
In base 14, what is -94260c + b?
-942601
In base 8, what is 67045 + -161?
66664
In base 8, what is 306334 - 120?
306214
In base 10, what is 3393671 - -5?
3393676
In base 16, what is 4 + -1179a38?
-1179a34
In base 16, what is 3 + -cbf3d?
-cbf3a
In base 16, what is 48687d5 - 0?
48687d5
In base 13, what is -6 + -4148606?
-414860c
In base 12, what is 6762aa + 4?
6762b2
In base 16, what is -123 - 1276c?
-1288f
In base 6, what is 312220 + 4301?
320521
In base 3, what is 21100 - -12020011011012?
12020011102112
In base 12, what is 40164b5 - 3?
40164b2
In base 12, what is 9 - -2b91736?
2b91743
In base 12, what is 7952a + -61?
79489
In base 15, what is -1 + a0b42d?
a0b42c
In base 4, what is 323221 - -1033133?
2023020
In base 14, what is 0 + -977247?
-977247
In base 16, what is -3 + 14aa97?
14aa94
In base 9, what is 425621478 + 5?
425621484
In base 14, what is 36a181a - -1?
36a181b
In base 4, what is -1321221 - 1321022?
-3302303
In base 11, what is 209 + -135743?
-135535
In base 9, what is -5 - 82552?
-82557
In base 15, what is -407253c8 - 0?
-407253c8
In base 2, what is 100100001100 - -1011010011001001?
1011110111010101
In base 7, what is -41206 - -4322?
-33554
In base 8, what is -3 - -1717745665?
1717745662
In base 14, what is -211 + 3b40?
392d
In base 4, what is -3 - 11200021231112?
-11200021231121
In base 11, what is -32 - -5a988?
5a956
In base 5, what is -2032141441 + -3?
-2032141444
In base 10, what is -7597763 + 1?
-7597762
In base 11, what is 5618832 - 0?
5618832
In base 13, what is 42620 + b7?
42707
In base 14, what is -12b3485 + a?
-12b3479
In base 12, what is 4921 - 999?
3b44
In base 2, what is -11011000 + 100010000100110010?
100010000001011010
In base 3, what is -22020221110222 + -1102?
-22020221112101
In base 2, what is 10001010 - -11100001010101101001?
11100001010111110011
In base 10, what is 1007 + 4048?
5055
In base 13, what is -3266aa8 + -9?
-3266ab4
In base 15, what is 